1
Let u(p) = -81*p - 7876. What is u(-101)?
305
Let w(f) = -2513*f - 32682. Give w(-13).
-13
Let r(y) = 143423*y - 8. What is r(0)?
-8
Let o(g) = g**3 - 1896*g**2 - 109311*g + 86. Determine o(-56).
30
Let c(u) = -12*u**3 - 52*u**2 - 134*u - 654. Give c(-5).
216
Let m(t) = -t**2 - 85*t - 1900. Determine m(-58).
-334
Let z(w) = -w**3 - 884*w**2 - 69993*w + 4840. Determine z(-88).
0
Let d(x) = -7*x**3 - 71*x**2 - 504*x - 4934. What is d(-10)?
6
Let k(c) = -1631808*c + 9790842. What is k(6)?
-6
Let g(k) = -6*k**2 + 3152*k + 9464. Calculate g(-3).
-46
Let t(f) = -2*f**2 + 1581*f + 100536. Calculate t(-59).
295
Let c(d) = -18754*d - 93426. What is c(-5)?
344
Let j(u) = 2*u**3 - 17*u**2 + 7*u + 26. Determine j(-1).
0
Let t(h) = h**3 - 35*h**2 - 118*h + 16. Give t(38).
-136
Let w(r) = 1862961*r + 1862964. Give w(-1).
3
Let z(r) = r**3 + 18*r**2 - 1822*r + 1803. Give z(1).
0
Let i(d) = -36924*d + 332102. What is i(9)?
-214
Let c(o) = -6069*o - 30192. What is c(-5)?
153
Let w(j) = 6*j**3 - 3020*j**2 + 1034*j - 14088. Give w(503).
-4
Let b(j) = -124*j**2 + 7140*j + 3023. What is b(58)?
7
Let r(y) = -y**3 + 400*y**2 + 11*y - 14. What is r(0)?
-14
Let y(a) = a**2 + 718*a + 38274. Determine y(-58).
-6
Let p(h) = -826*h - 7963. Calculate p(-10).
297
Let c(l) = l**3 + 36*l**2 + 90*l - 297. Calculate c(-31).
1718
Let z(p) = -1931*p - 370645. Calculate z(-192).
107
Let m(w) = 33*w**2 + 36087*w - 16405. Calculate m(-1094).
5
Let r(y) = -y**2 + 29354*y + 1264066. Determine r(-43).
-5
Let j(o) = -76*o**2 - 1071*o + 11214. What is j(7)?
-7
Let a(w) = 7*w**3 + 2*w**2 - 562*w + 1. Determine a(0).
1
Let i(m) = -m**3 - 150*m**2 - 1013*m - 17. Calculate i(-7).
67
Let s(f) = 6077*f - 248725. Calculate s(41).
432
Let a(t) = 4*t**3 + 79*t**2 - 431*t - 340. Calculate a(5).
-20
Let n(d) = -3207*d + 19305. Determine n(6).
63
Let o(s) = 9*s**3 + 83*s**2 + 100*s + 81. Determine o(-8).
-15
Let a(l) = -22*l**3 + 19*l**2 + 170*l - 407. What is a(2)?
-167
Let u(h) = 451*h - 14956. What is u(33)?
-73
Let o(l) = -45585*l - 1823406. What is o(-40)?
-6
Let i(y) = 889247*y + 889242. What is i(-1)?
-5
Let r(y) = y**2 - 133*y + 400. Determine r(108).
-2300
Let n(l) = -341171*l - 2729376. What is n(-8)?
-8
Let t(d) = d**3 + 129*d**2 + 596*d - 2979. Determine t(-124).
-3
Let g(x) = 77*x**2 - 1952*x + 616. What is g(25)?
-59
Let v(r) = -4008*r - 19900. Calculate v(-5).
140
Let n(d) = d**3 - 47*d**2 + 586*d - 820. Determine n(24).
-4
Let q(i) = -6*i**2 + 34368*i + 103119. Give q(-3).
-39
Let g(o) = -o**3 - 65*o**2 - 660*o + 73. What is g(-14)?
-683
Let d(r) = -45*r**2 - 511*r - 3217. What is d(-6)?
-1771
Let m(c) = 2*c**3 + 423*c**2 + 22233*c + 308. Determine m(-114).
-34
Let o(q) = -q**2 - 7519*q - 306667. What is o(-41)?
-69
Let d(t) = 1670*t - 5766. What is d(3)?
-756
Let h(m) = 37*m**3 - 2074*m**2 + 108*m + 226. Calculate h(56).
2
Let s(k) = 1893*k + 3782. Determine s(-2).
-4
Let l(w) = w**3 + 208*w**2 - 2670*w - 1718. What is l(-220)?
4882
Let p(i) = -i**3 + 24*i**2 + 66*i - 968. Determine p(25).
57
Let j(b) = -97*b - 14144. What is j(-145)?
-79
Let f(j) = 1058*j + 29635. Calculate f(-28).
11
Let y(s) = -3268*s - 2611. What is y(-1)?
657
Let w(x) = 689*x - 215966. Give w(313).
-309
Let u(q) = -580*q + 24011. Determine u(46).
-2669
Let t(c) = -1776*c + 1778. Determine t(1).
2
Let d(q) = q**3 - 32*q**2 + 4*q + 128. What is d(34)?
2576
Let o(y) = -y**3 - 44*y**2 - 137*y + 625. Calculate o(-41).
1199
Let u(j) = -89*j**2 - 90*j - 206. Determine u(-3).
-737
Let s(c) = -91360*c + 21012789. Determine s(230).
-11
Let j(o) = -63*o**2 + 294*o + 293. What is j(-1)?
-64
Let h(w) = -w**3 - 22*w**2 - 54*w - 394. Calculate h(-20).
-114
Let k(b) = -231407*b - 1851291. What is k(-8)?
-35
Let y(k) = -2*k**3 + 5*k**2 + 1480*k - 8938. Determine y(6).
-310
Let m(b) = -15*b + 1436. Calculate m(91).
71
Let o(m) = -416*m + 31138. Determine o(75).
-62
Let p(d) = 16*d**3 + 70*d**2 - 12*d - 13. Give p(-4).
131
Let b(v) = -v**2 + 516*v - 12028. Determine b(25).
247
Let h(o) = o**2 + 527*o - 30115. Give h(52).
-7
Let n(r) = r**3 - 17*r**2 - 839*r - 717. Calculate n(39).
24
Let m(p) = -p**3 - 53*p**2 + 185*p + 1016. What is m(-56)?
64
Let w(t) = -4570*t + 27419. Determine w(6).
-1
Let m(x) = 8*x**2 - 913*x - 3786. What is m(-4)?
-6
Let p(f) = 130*f - 9189. Give p(69).
-219
Let i(y) = 10*y**2 + 876*y - 2243. Give i(-90).
-83
Let h(c) = -11*c**2 + 708*c + 75383. Calculate h(121).
0
Let d(y) = -4*y**3 + 34*y**2 + 749*y - 2446. Give d(3).
-1
Let w(k) = 54*k**2 + 359*k + 440. Calculate w(-6).
230
Let c(q) = -8217*q - 6058. What is c(-1)?
2159
Let n(w) = -w**3 + 126*w**2 - 1492*w - 8485. What is n(112)?
27
Let b(k) = -9*k**3 + 179*k**2 - 17*k + 307. Calculate b(20).
-433
Let i(b) = -3931*b - 491315. What is i(-125)?
60
Let v(m) = 1379*m - 96484. Determine v(70).
46
Let o(q) = 6*q**2 + 175*q - 5919. Calculate o(20).
-19
Let y(g) = g**3 + 29*g**2 + 51*g - 239. Determine y(-27).
-158
Let b(s) = -10692*s - 52132. Calculate b(-5).
1328
Let y(p) = p**3 - 30*p**2 + 123*p - 63. What is y(5)?
-73
Let p(f) = -2*f**2 - 461*f - 5625. Give p(-13).
30
Let m(a) = 331*a - 100. Determine m(-1).
-431
Let b(w) = -12804*w + 20281536. Calculate b(1584).
0
Let l(p) = 5*p**3 - 1281*p**2 + 299*p - 11002. Determine l(256).
6
Let d(s) = 1108*s - 100573. Determine d(90).
-853
Let u(k) = 31674*k + 2153773. Determine u(-68).
-59
Let h(z) = -53*z**2 + 37*z - 192. Determine h(4).
-892
Let r(l) = -l**2 - 507*l - 42297. What is r(-102)?
-987
Let p(k) = k**3 - 86*k**2 + 201*k - 32837. Calculate p(88).
339
Let m(p) = -14*p**2 - 22*p + 72. Determine m(-4).
-64
Let a(x) = -4*x**3 + 33*x**2 + 18*x + 41. Calculate a(-6).
1985
Let q(t) = 22*t**2 - 2024*t + 2024. Give q(91).
22
Let v(q) = 6*q**3 - 570*q**2 + 100*q - 9497. Give v(95).
3
Let g(c) = -c**2 + 1289*c + 131717. Calculate g(-95).
237
Let s(v) = -2*v**2 - 2156*v + 365636. Determine s(149).
-10
Let l(f) = f**3 - 162*f**2 + 393*f + 13833. Give l(159).
477
Let f(x) = 4621*x + 106246. Calculate f(-23).
-37
Let v(d) = -21*d**2 - 416*d - 1136. What is v(-3)?
-77
Let u(w) = -18*w**2 + 126*w + 30. What is u(8)?
-114
Let y(j) = 736*j**2 + 529*j - 526. Determine y(1).
739
Let r(h) = 192*h + 13923. Determine r(-73).
-93
Let h(d) = 10498*d - 430330. Give h(41).
88
Let t(b) = -b**2 - 191*b - 9085. Calculate t(-89).
-7
Let t(k) = -k**3 - 59*k**2 + 36*k + 1030. Determine t(-4).
6
Let k(y) = -y**3 - 197*y**2 + 5818*y - 533. Give k(26).
-13
Let y(n) = 3*n**3 - 24*n**2 - 143*n + 50. Give y(12).
62
Let k(d) = -41*d + 871. Give k(26).
-195
Let n(o) = -o**3 + 43*o**2 - 115*o + 260. What is n(41)?
-1093
Let y(o) = -31*o**2 - 2780*o + 142. Determine y(-90).
-758
Let k(x) = -44*x**2 - 2056*x + 564. What is k(-47)?
0
Let t(a) = 7679*a + 38387. What is t(-5)?
-8
Let n(v) = 2440*v + 9787. Calculate n(-4).
27
Let m(c) = -c**3 - 37*c**2 + 716*c - 1558. What is m(12)?
-22
Let f(c) = -2*c**3 - 26*c**2 - 253*c - 677. What is f(-7)?
506
Let d(s) = 2*s**3 + 18*s**2 - 180*s - 1423. Determine d(-8).
145
Let x(t) = -5327*t - 5492. What is x(-1)?
-165
Let x(o) = -152406*o - 609616. Determine x(-4).
8
Let x(k) = -k**3 - 19*k**2 - 51*k - 502. Give x(-18).
92
Let a(z) = -6*z**3 + 1554*z**2 + 2*z - 438. Give a(259).
80
Let i(c) = -30834*c + 1079147. Determine i(35).
-43
Let q(t) = -127*t**2 - 20314*t + 21412. Calculate q(-161).
-1
Let n(b) = -2*b**3 + 117*b**2 + 720*b - 39030. Determine n(59).
-31
Let f(k) = 29*k**2 + 92*k - 160. Determine f(-4).
-64
Let i(n) = -2355*n + 7219. What is i(3)?
154
Let y(l) = -731*l - 187841. What is y(-257)?
26
Let t(k) = -88*k**2 - 4858*k - 915. Give t(-55).
75
Let s(a) = 2*a**2 - 332*a + 1617. Calculate s(5).
7
Let t(g) = 1495*g - 8899. Determine t(6).
71
Let z(g) = -757*g + 3012. Give z(4).
-16
Let l(z) = 6*z**3 + 1038*z**2 - 16*z - 2718. Calculate l(-173).
50
Let o(m) = -252915*m - 2023240. Calculate o(-8).
80
Let f(u) = 104*u**3 - 58*u**2 + 164*u + 4. Give f(3).
2782
Let c(q) = -q**2 - 13562*q - 823565. Give c(-61).
-4
Let q(o) = -1817*o + 49798. Calculate q(28).
-1078
Let g(z) = -414*z - 90746. Give g(-219).
-80
Let k(z) = 61*z**2 + 749*z + 1433. Determine k(-10).
43
Let q(u) = 164*u**2 + 785*u - 171. What is q(-5)?
4
Let s(k) = -33*k**2 - 844*k + 171. Calculate s(-26).
-193
Let p(y) = -994*y - 2043. Deter